{"id":3312,"date":"2022-12-11T06:43:13","date_gmt":"2022-12-11T06:43:13","guid":{"rendered":"https:\/\/www.larsl.dk\/?page_id=3312"},"modified":"2023-01-18T08:46:04","modified_gmt":"2023-01-18T08:46:04","slug":"rejseleder","status":"publish","type":"page","link":"https:\/\/www.larsl.dk\/index.php\/rejseleder\/","title":{"rendered":"Rejseleder"},"content":{"rendered":"\t\t<div data-elementor-type=\"wp-page\" data-elementor-id=\"3312\" class=\"elementor elementor-3312\">\n\t\t\t\t\t\t<section class=\"elementor-section elementor-top-section elementor-element elementor-element-bd5f968 elementor-section-boxed elementor-section-height-default elementor-section-height-default\" data-id=\"bd5f968\" data-element_type=\"section\" data-e-type=\"section\">\n\t\t\t\t\t\t<div class=\"elementor-container elementor-column-gap-default\">\n\t\t\t\t\t<div class=\"elementor-column elementor-col-100 elementor-top-column elementor-element elementor-element-099c2fa\" data-id=\"099c2fa\" data-element_type=\"column\" data-e-type=\"column\">\n\t\t\t<div class=\"elementor-widget-wrap elementor-element-populated\">\n\t\t\t\t\t\t<div class=\"elementor-element elementor-element-08b5a38 elementor-widget elementor-widget-heading\" data-id=\"08b5a38\" data-element_type=\"widget\" data-e-type=\"widget\" data-widget_type=\"heading.default\">\n\t\t\t\t<div class=\"elementor-widget-container\">\n\t\t\t\t\t<h2 class=\"elementor-heading-title elementor-size-default\">Rejseleder - n\u00e5r vi er p\u00e5 en l\u00e6ngere tur....<\/h2>\t\t\t\t<\/div>\n\t\t\t\t<\/div>\n\t\t\t\t<section class=\"elementor-section elementor-inner-section elementor-element elementor-element-d592301 elementor-section-boxed elementor-section-height-default elementor-section-height-default\" data-id=\"d592301\" data-element_type=\"section\" data-e-type=\"section\">\n\t\t\t\t\t\t<div class=\"elementor-container elementor-column-gap-default\">\n\t\t\t\t\t<div class=\"elementor-column elementor-col-100 elementor-inner-column elementor-element elementor-element-f6ffac0\" data-id=\"f6ffac0\" data-element_type=\"column\" data-e-type=\"column\">\n\t\t\t<div class=\"elementor-widget-wrap elementor-element-populated\">\n\t\t\t\t\t\t<div class=\"elementor-element elementor-element-7954bcd elementor-widget__width-initial elementor-widget elementor-widget-text-editor\" data-id=\"7954bcd\" data-element_type=\"widget\" data-e-type=\"widget\" data-widget_type=\"text-editor.default\">\n\t\t\t\t<div class=\"elementor-widget-container\">\n\t\t\t\t\t\t\t\t\t<p>Min fornemmeste opgave er at sikre, at rejsen forl\u00f8ber s\u00e5 glat, bekvemt og trygt som muligt. P\u00e5 den m\u00e5de f\u00e5r g\u00e6sterne gode minder og gode oplevelser med hjem. Det er min opgave at tr\u00e6kke i den retning, og der er en r\u00e6kke opgaver der skal l\u00f8ses, mens vi er undervejs til m\u00e5let.<\/p>\t\t\t\t\t\t\t\t<\/div>\n\t\t\t\t<\/div>\n\t\t\t\t<div class=\"elementor-element elementor-element-ec76c48 elementor-widget elementor-widget-image\" data-id=\"ec76c48\" data-element_type=\"widget\" data-e-type=\"widget\" data-widget_type=\"image.default\">\n\t\t\t\t<div class=\"elementor-widget-container\">\n\t\t\t\t\t\t\t\t\t\t\t\t<figure class=\"wp-caption\">\n\t\t\t\t\t\t\t\t\t\t<img fetchpriority=\"high\" decoding=\"async\" width=\"1200\" height=\"1216\" src=\"https:\/\/www.larsl.dk\/wp-content\/uploads\/2023\/01\/Hunderwasser_Village_Wien.jpg\" class=\"attachment-full size-full wp-image-4690\" alt=\"\" srcset=\"https:\/\/www.larsl.dk\/wp-content\/uploads\/2023\/01\/Hunderwasser_Village_Wien.jpg 1200w, https:\/\/www.larsl.dk\/wp-content\/uploads\/2023\/01\/Hunderwasser_Village_Wien-296x300.jpg 296w, https:\/\/www.larsl.dk\/wp-content\/uploads\/2023\/01\/Hunderwasser_Village_Wien-1011x1024.jpg 1011w, https:\/\/www.larsl.dk\/wp-content\/uploads\/2023\/01\/Hunderwasser_Village_Wien-768x778.jpg 768w\" sizes=\"(max-width: 1200px) 100vw, 1200px\" \/>\t\t\t\t\t\t\t\t\t\t\t<figcaption class=\"widget-image-caption wp-caption-text\">Hundertwasser Village, Wien. Du har sikkert regnet ud, at jeg er kommet med som copy-paste.<\/figcaption>\n\t\t\t\t\t\t\t\t\t\t<\/figure>\n\t\t\t\t\t\t\t\t\t<\/div>\n\t\t\t\t<\/div>\n\t\t\t\t<div class=\"elementor-element elementor-element-44f3868 elementor-widget elementor-widget-text-editor\" data-id=\"44f3868\" data-element_type=\"widget\" data-e-type=\"widget\" data-widget_type=\"text-editor.default\">\n\t\t\t\t<div class=\"elementor-widget-container\">\n\t\t\t\t\t\t\t\t\t<p>Der er som sagt gr\u00e6nser for hvad man kan med en selfie-stick. Dem ligger jeg under for, s\u00e5 her m\u00e5tte jeg hj\u00e6lpe lidt efter. Billedet er manipuleret. Det m\u00e5 du undskylde. Du har selvf\u00f8lgelig straks gennemskuet mig: jeg mener overhovedet ikke det undskyld alvorligt. Men jeg HAR taget begge billeder selv.<\/p><p><span style=\"color: var( --e-global-color-primary ); font-family: Lato, arial, sans-serif; font-size: 1.75rem; background-color: var( --e-global-color-bffa03b );\">Jeg vil ogs\u00e5 have gode minder med hjem<\/span><\/p><p>&#8211;\u00a0 og det f\u00e5r jeg kun, n\u00e5r rejsen forl\u00f8ber glat og mine g\u00e6ster er tilfredse. En god oplevelse for g\u00e6ster er en god oplevelse for mig. Det modsatte er ogs\u00e5 tilf\u00e6ldet, og nedture kan jeg godt undv\u00e6re. Derfor s\u00e6tter jeg en \u00e6re i at v\u00e6re velforberedt og i at g\u00f8re min del for at alle har de n\u00f8dvendige informationer i god tid. Hvor skal vi spise, og hvorn\u00e5r? Hvor og hvorn\u00e5r er der afgang? Hvorn\u00e5r regner vi med at v\u00e6re p\u00e5 hotellet? Og alt det andet som h\u00f8rer med til en velordnet rejse.<\/p>\t\t\t\t\t\t\t\t<\/div>\n\t\t\t\t<\/div>\n\t\t\t\t\t<\/div>\n\t\t<\/div>\n\t\t\t\t\t<\/div>\n\t\t<\/section>\n\t\t\t\t<section class=\"elementor-section elementor-inner-section elementor-element elementor-element-03a8a71 elementor-section-boxed elementor-section-height-default elementor-section-height-default\" data-id=\"03a8a71\" data-element_type=\"section\" data-e-type=\"section\">\n\t\t\t\t\t\t<div class=\"elementor-container elementor-column-gap-default\">\n\t\t\t\t\t<div class=\"elementor-column elementor-col-100 elementor-inner-column elementor-element elementor-element-229e5ae\" data-id=\"229e5ae\" data-element_type=\"column\" data-e-type=\"column\">\n\t\t\t<div class=\"elementor-widget-wrap elementor-element-populated\">\n\t\t\t\t\t\t<div class=\"elementor-element elementor-element-62a360a elementor-widget__width-initial elementor-widget elementor-widget-text-editor\" data-id=\"62a360a\" data-element_type=\"widget\" data-e-type=\"widget\" data-widget_type=\"text-editor.default\">\n\t\t\t\t<div class=\"elementor-widget-container\">\n\t\t\t\t\t\t\t\t\t<h3>Det man kan<\/h3><p>Er alle kommet? Ved alle hvordan man kommer med flyet eller hvor man skal v\u00e6re i bussen? Der er opgaver i forhold til hotellerne. Hotellets k\u00f8kken har behov for at vide hvorn\u00e5r vi kommer, for det ikke let at servere op til 50 portioner l\u00e6kker mad p\u00e5 samme tid hvis man ikke har en ide om hvorn\u00e5r g\u00e6sterne ankommer. Hvis man skal videre fra hotellet n\u00e6ste morgen er det en stor hj\u00e6lp for chauff\u00f8ren hvis han ved hvorn\u00e5r vi kommer ned med bagagen n\u00e6ste morgen. O.s.v. Og s\u00e5 kan man s\u00f8rge for at kunne sine ting omkring rejsem\u00e5let. B\u00e5de fakta og gode historier skal der til.<\/p><h3>Det man ikke kan<\/h3><p>N\u00e5r der opst\u00e5r forbistringer undervejs &#8211; sm\u00e5 som store &#8211; er det mit job at s\u00f8rge for at de bliver ryddet hurtigt af vejen. Det er s\u00e5dan set ogs\u00e5 mit job at sikre at de slet ikke opst\u00e5r, men tr\u00e6erne vokser ikke ind i himlen. K\u00f8 p\u00e5 motorvejen p\u00e5 grund af\u00a0 uheld? Pludselig opst\u00e5et sygdom? Det kan ikke forhindres, men det kan tackles.<\/p><p>Det er sj\u00e6ldent, men de kan ogs\u00e5 have sygdom p\u00e5 et bes\u00f8gssted. Man kan ikke gardere sig 100%.\u00a0 Men man kan ringe i forvejen og checke om de er klar? Og man kan reagere hurtigt og kontant n\u00e5r det er n\u00f8dvendigt.<\/p><h3>Hvorn\u00e5r g\u00e5r det godt?<\/h3><p>En rejsegruppe fungerer bedst, n\u00e5r vi g\u00e5r i takt, hvis man kan sige det s\u00e5dan. Det betyder, at rejselederen skal v\u00e6re p\u00e5 forkant med programmet. Alle skal vide hvordan dagen skal forl\u00f8be, hvad vi skal se og hvad der skal ske. S\u00e5dan undg\u00e5r vi mange un\u00f8dvendige irritationer. Det er enormt vigtigt at melde klart ud og det er bedst hvis informationen kommer i god tid.\u00a0 Det s\u00e6tter jeg en \u00e6re i g\u00f8re.\u00a0Det giver tryghed.<\/p><h3>Det vi ikke taler om<\/h3><p>Der er ogs\u00e5 guideopgaverne i marken. Vi skal ud til sev\u00e6rdighederne og her skal der guides og fort\u00e6lles, men det skal afpasses med de n\u00f8dvendige frokostpauser og de ting der ikke m\u00e5 fort\u00e6lles om. Poesien har mange kloge ord. Her kommer der en gruk, frit efter hukommelsen:<\/p><blockquote><p>Mennesket har mulighed\u00a0<\/p><p>for gl\u00e6der uden tal\u00a0<\/p><p>Blandt de allerbedste er<\/p><p>at kunne n\u00e5r man skal.<\/p><\/blockquote><p>Kloge ord, men sv\u00e6re for en rejseleder at planl\u00e6gge efter. Det skal alligevel fors\u00f8ges.\u00a0<\/p><p>Programmet forpligter mig. Men n\u00e5r der er plads i programmet, s\u00e5 kan jeg bedst lide at g\u00e6ster oplever tingene i deres egen rytme &#8211; det handler om eventyrlyst og feriestemning. Ingen skal g\u00f8re noget man ikke har lyst til.<\/p>\t\t\t\t\t\t\t\t<\/div>\n\t\t\t\t<\/div>\n\t\t\t\t\t<\/div>\n\t\t<\/div>\n\t\t\t\t\t<\/div>\n\t\t<\/section>\n\t\t\t\t\t<\/div>\n\t\t<\/div>\n\t\t\t\t\t<\/div>\n\t\t<\/section>\n\t\t\t\t<\/div>\n\t\t","protected":false},"excerpt":{"rendered":"<p>Rejseleder &#8211; n\u00e5r vi er p\u00e5 en l\u00e6ngere tur&#8230;. Min fornemmeste opgave er at sikre, at rejsen forl\u00f8ber s\u00e5 glat, bekvemt og trygt som muligt. P\u00e5 den m\u00e5de f\u00e5r g\u00e6sterne gode minder og gode oplevelser med hjem. Det er min opgave at tr\u00e6kke i den retning, og der er en r\u00e6kke opgaver der skal l\u00f8ses, [&hellip;]<\/p>\n","protected":false},"author":1,"featured_media":0,"parent":0,"menu_order":0,"comment_status":"closed","ping_status":"closed","template":"","meta":{"_eb_attr":"","footnotes":""},"class_list":["post-3312","page","type-page","status-publish","hentry"],"_links":{"self":[{"href":"https:\/\/www.larsl.dk\/index.php\/wp-json\/wp\/v2\/pages\/3312","targetHints":{"allow":["GET"]}}],"collection":[{"href":"https:\/\/www.larsl.dk\/index.php\/wp-json\/wp\/v2\/pages"}],"about":[{"href":"https:\/\/www.larsl.dk\/index.php\/wp-json\/wp\/v2\/types\/page"}],"author":[{"embeddable":true,"href":"https:\/\/www.larsl.dk\/index.php\/wp-json\/wp\/v2\/users\/1"}],"replies":[{"embeddable":true,"href":"https:\/\/www.larsl.dk\/index.php\/wp-json\/wp\/v2\/comments?post=3312"}],"version-history":[{"count":39,"href":"https:\/\/www.larsl.dk\/index.php\/wp-json\/wp\/v2\/pages\/3312\/revisions"}],"predecessor-version":[{"id":4783,"href":"https:\/\/www.larsl.dk\/index.php\/wp-json\/wp\/v2\/pages\/3312\/revisions\/4783"}],"wp:attachment":[{"href":"https:\/\/www.larsl.dk\/index.php\/wp-json\/wp\/v2\/media?parent=3312"}],"curies":[{"name":"wp","href":"https:\/\/api.w.org\/{rel}","templated":true}]}}